{"version":"1.0","provider_name":"FlyersWELS - Raiffeisen Flyers Wels","provider_url":"https:\/\/www.flyerswels.at\/portal","title":"Raiffeisen Flyers Wels verpflichten Duje Radja - FlyersWELS - Raiffeisen Flyers Wels","type":"rich","width":600,"height":338,"html":"<blockquote class=\"wp-embedded-content\" data-secret=\"lkitjTA9gV\"><a href=\"https:\/\/www.flyerswels.at\/portal\/raiffeisen-flyers-wels-verpflichten-duje-radja\/\">Raiffeisen Flyers Wels verpflichten Duje Radja<\/a><\/blockquote><iframe sandbox=\"allow-scripts\" security=\"restricted\" src=\"https:\/\/www.flyerswels.at\/portal\/raiffeisen-flyers-wels-verpflichten-duje-radja\/embed\/#?secret=lkitjTA9gV\" width=\"600\" height=\"338\" title=\"&#8222;Raiffeisen Flyers Wels verpflichten Duje Radja&#8220; &#8211; FlyersWELS - Raiffeisen Flyers Wels\" data-secret=\"lkitjTA9gV\" frameborder=\"0\" marginwidth=\"0\" marginheight=\"0\" scrolling=\"no\" class=\"wp-embedded-content\"><\/iframe><script type=\"text\/javascript\">\n\/* <![CDATA[ *\/\n\/*! This file is auto-generated *\/\n!function(d,l){\"use strict\";l.querySelector&&d.addEventListener&&\"undefined\"!=typeof URL&&(d.wp=d.wp||{},d.wp.receiveEmbedMessage||(d.wp.receiveEmbedMessage=function(e){var t=e.data;if((t||t.secret||t.message||t.value)&&!\/[^a-zA-Z0-9]\/.test(t.secret)){for(var s,r,n,a=l.querySelectorAll('iframe[data-secret=\"'+t.secret+'\"]'),o=l.querySelectorAll('blockquote[data-secret=\"'+t.secret+'\"]'),c=new RegExp(\"^https?:$\",\"i\"),i=0;i<o.length;i++)o[i].style.display=\"none\";for(i=0;i<a.length;i++)s=a[i],e.source===s.contentWindow&&(s.removeAttribute(\"style\"),\"height\"===t.message?(1e3<(r=parseInt(t.value,10))?r=1e3:~~r<200&&(r=200),s.height=r):\"link\"===t.message&&(r=new URL(s.getAttribute(\"src\")),n=new URL(t.value),c.test(n.protocol))&&n.host===r.host&&l.activeElement===s&&(d.top.location.href=t.value))}},d.addEventListener(\"message\",d.wp.receiveEmbedMessage,!1),l.addEventListener(\"DOMContentLoaded\",function(){for(var e,t,s=l.querySelectorAll(\"iframe.wp-embedded-content\"),r=0;r<s.length;r++)(t=(e=s[r]).getAttribute(\"data-secret\"))||(t=Math.random().toString(36).substring(2,12),e.src+=\"#?secret=\"+t,e.setAttribute(\"data-secret\",t)),e.contentWindow.postMessage({message:\"ready\",secret:t},\"*\")},!1)))}(window,document);\n\/* ]]> *\/\n<\/script>\n","thumbnail_url":"https:\/\/www.flyerswels.at\/portal\/wp-content\/uploads\/2025\/08\/Spielerpraesentation.png","thumbnail_width":750,"thumbnail_height":360,"description":"Die Raiffeisen Flyers Wels schlie\u00dfen ihre Kaderplanung f\u00fcr die kommende Saison mit der Verpflichtung des kroatischen Centers Duje Radja ab. Der 203cm gro\u00dfe Bigman verst\u00e4rkt das Team im Frontcourt und bringt internationale Erfahrung nach Wels. Der 27-j\u00e4hrige Radja spielte in den vergangenen Jahren f\u00fcr mehrere Vereine in Europa und gilt als physisch starker Akteur, der [&hellip;]"}

Die Raiffeisen Flyers Wels schließen ihre Kaderplanung für die kommende Saison mit der Verpflichtung des kroatischen Centers Duje Radja ab. Der 203cm große Bigman verstärkt das Team im Frontcourt und bringt internationale Erfahrung nach Wels. Der 27-jährige Radja spielte in den vergangenen Jahren für mehrere Vereine in Europa und gilt als physisch starker Akteur, der [&hellip;]
